-9143*y**3 - 10*y**2 - 13*y - 2. What are the prime factors of s(-1)?
2, 3, 127
Let w(o) be the first derivative of -o**2 - 7*o + 21. Let d be w(-2). What are the prime factors of (-3 - (-3 + -127)) + d?
2, 31
Suppose 2*k + 10 = 392. Suppose 5*m = -0*x + 4*x + 242, -3*x - m = k. Let s = x - -160. List the prime factors of s.
97
Let l(y) = y**3 - 5*y + 6. Let j be l(2). Suppose 104 = -j*f + 17*f. List the prime factors of f/(-20) - ((-17940)/(-25))/(-4).
179
Suppose 0 = -c - 3*v + 4215, -2*c + 310*v - 312*v + 8410 = 0. What are the prime factors of c?
2, 3, 5, 7
Suppose -5*n = -5*x - 10, -5*n + 4*x + 7 + 1 = 0. Suppose -813 = -f - 2*j, 4*f + n*j - 3247 = -3*j. What are the prime factors of f?
811
Let m = -5611 - -5674. Let o = 150 - -136. Let h = o - m. List the prime factors of h.
223
Suppose 16 - 2 = -2*z. Suppose t + 187 = -4*i, -3*t = -9*i + 11*i + 81. Let f = z - i. List the prime factors of f.
41
What are the prime factors of 14/126 + (-2828980)/(-315)?
7, 1283
Let o be 415*(-3)/(15/(-5)). Let c = -119 + o. List the prime factors of c.
2, 37
What are the prime factors of 8253 + 12 + -4 + 0?
11, 751
Suppose z - 6*z = -4*k, k = -2*z. Let p be 74 + ((-22)/11)/(k - -1). Suppose u - 44 = p. What are the prime factors of u?
2, 29
Suppose x + 2*h + 46 = -27, -3*h = 2*x + 147. Suppose -w - 2*w - 627 = 0. Let j = x - w. List the prime factors of j.
2, 67
Suppose 3*y - 79 = -103. What are the prime factors of (-502*1)/((y - 0)/4)?
251
Let h = -418 + 421. Suppose 11*o - 14*o - h*v = -2559, -3*v + 853 = o. List the prime factors of o.
853
Suppose -d = -4*d + d. Suppose d = 7*v - 468 + 27. List the prime factors of 6/14 + 4635/v.
2, 37
Suppose 13*l - 262 - 323 = 0. Suppose -l*d + 41*d = -1532. List the prime factors of d.
383
Let h = 68 - 66. Let v be (80/(-8))/(h*-1). Suppose 3*c - 159 = 3*q, -v*q - 109 = 3*c - 5*c. List the prime factors of c.
2, 13
Let l = -17474 - -24555. List the prime factors of l.
73, 97
Let p(c) = -6*c**3 - c**2 - 76*c - 89. List the prime factors of p(-8).
3527
Let y(x) = x**3 - 40*x**2 - 16*x - 22. Suppose -181 = -26*o + 885. What are the prime factors of y(o)?
17, 59
Let f = -502 + 27823. List the prime factors of f.
3, 7, 1301
Suppose -3*k + 2*a = -5511, 4*k = 3*a + 4465 + 2883. What are the prime factors of k?
11, 167
Let x be (-33 - 1)*(3 - 1). Suppose 5*y - o + 29 = 0, y - 2*o + 28 = -4*y. List the prime factors of (x/y)/((-6)/(-63)).
7, 17
List the prime factors of (-240)/1080 + 196130/9.
2, 3, 227
Let h(f) = 1069*f + 2406. What are the prime factors of h(2)?
2, 71
Let u be 6/(12/56*(-56)/(-16)). Suppose 157 + 15355 = u*p. What are the prime factors of p?
7, 277
Let a = 257 + -110. Suppose -a*l + 1192 = -143*l. List the prime factors of l.
2, 149
Suppose 4*f + 1 - 2 = -k, -4*k = -5*f - 4. Suppose -2*s + 8*s - 24 = f. Suppose -u = 3*z - 1 - 173, s*u = 0. What are the prime factors of z?
2, 29
Suppose 30983 + 41793 = 17*n - 45017. What are the prime factors of n?
13, 41
Let v(x) = -x**2 - 16*x - 12. Let d be v(-13). Let r = 56 - d. What are the prime factors of r?
29
Let l(v) = 18*v**2 - 31*v + 439. What are the prime factors of l(20)?
7019
Let n(y) = -26*y - 12. Let t be n(-6). List the prime factors of (t/(-20))/((-63)/4620).
2, 3, 11
Let r(a) = -a**2 + 58*a - 17. Let l be r(19). Let w = 1830 - l. What are the prime factors of w?
2, 7, 79
Let u(k) = 381*k + 1106. List the prime factors of u(24).
2, 5, 41
Let s(i) = -179*i - 1097. List the prime factors of s(-37).
2, 3, 307
Suppose -1453*o = -1463*o + 52380. What are the prime factors of o?
2, 3, 97
Let z be (0 - -1) + -2 + -2*1. Let b(v) = v**2 + 3*v + 4. Let i be b(z). List the prime factors of (-6)/(-8)*i + 56.
59
Suppose -p - f = 0, -f = -0*p - 5*p - 6. List the prime factors of (p + 1*3)*17557/194.
181
Let s(g) = 58*g**2 - 170*g + 1478. What are the prime factors of s(9)?
2, 23, 101
Let s(j) be the first derivative of 3*j**2/2 + 177*j + 20. List the prime factors of s(-24).
3, 5, 7
Let i(a) = 6*a + 154. Let h be i(-27). What are the prime factors of (-2)/2 + (-730)/(h/4)?
2, 7, 13
Suppose -5*z + 3137 = c, -2*z + 4*c = -5*z + 1889. Let h be (-78)/(-26) - (-394 - -4)/(-1). Let i = z + h. List the prime factors of i.
2, 3, 5
What are the prime factors of (420/168 - (-5)/(-1))*-336?
2, 3, 5, 7
Suppose 37*w + 10*w - 695799 = 608686. What are the prime factors of w?
5, 7, 13, 61
Suppose 4*j = -c - 13, -2*c = -5*c - 4*j - 15. Let x be -4 + (5 + -2 - c). Let g(r) = -r**2 + r + 124. List the prime factors of g(x).
2, 31
Let h(j) = -37*j**3 - j**2 - 7*j - 1. Let t be h(3). Let d = t + 574. Let l = 697 + d. What are the prime factors of l?
241
Suppose 42*f + 7 = 3*x + 46*f, 0 = 3*x - 2*f - 1. List the prime factors of 46/92*(x + 2395).
2, 599
Suppose 5*z = 26 - 6. Suppose 4*b + 4*c + 192 = 0, c + 103 = -z*b - 80. Let i = b - -94. What are the prime factors of i?
7
Let c = 32391 + -21388. What are the prime factors of c?
11003
Let i(s) = -s**2 - 5*s + 2. Let v be i(-8). Let z(x) = -x**3 - 24*x**2 - 20*x + 35. Let r be z(-23). Let q = v - r. What are the prime factors of q?
2, 3
Suppose 7*y = -2*y + 461556. List the prime factors of y/44 - 12/22.
5, 233
Let a = -103 + 94. Let i be (-8)/36 - 47/a. Suppose 0 = p + i*p - 48. List the prime factors of p.
2
Let s = -77 - -68. Let u be (18 + -6)*3/s - 21. List the prime factors of (-1 + 7)*(17 + u/5).
2, 3
Let p be 4/(-3)*(-2)/(-4)*-3. Let g = 4 + p. What are the prime factors of g/4*1534/39?
59
Let u = 14480 - -21834. What are the prime factors of u?
2, 67, 271
Let x be (-2)/4 + (-22)/(-4). Let f be x/(2 + (1 - 1 - 1)). List the prime factors of (-1 - (-95)/25)*f.
2, 7
Suppose -h - 2*s = -5, 8*h - 3*h = -2*s + 9. What are the prime factors of (1587/15)/h - 4/(-20)?
2, 53
Suppose -33110 = -11*p + p - 4*p. What are the prime factors of p?
5, 11, 43
What are the prime factors of -10 + (-56)/7 - -81020?
2, 101, 401
Let t(y) = y**2 + 2*y + 82. Let p be t(0). Let j = 176 - p. Let m = 158 - j. List the prime factors of m.
2
Suppose 0 = w + 876 - 42. Let x = 919 - w. What are the prime factors of x?
1753
Suppose 0 = -340*f + 201*f + 4252427. List the prime factors of f.
30593
Let w(v) be the third derivative of -17*v**6/120 - 3*v**5/10 - 5*v**4/4 + 5*v**3/3 + 126*v**2. List the prime factors of w(-5).
5, 367
Suppose 0 = -5*u - 2*r - 37 + 51, 0 = -3*u - 5*r + 16. Suppose 3*z - 7*z + 4*o = -1588, -4*o + 794 = u*z. List the prime factors of z.
397
Let b be (-1)/(4401/1101 - 4). Suppose -5*u + 5 = -3*i, i + 3*u - 2 = 1. Suppose -12*p - b + 2431 = i. List the prime factors of p.
2, 43
Let t(v) = 18*v**2 + 50*v - 18. What are the prime factors of t(-7)?
2, 257
Suppose -8*h = -0*h - 43088. List the prime factors of h.
2, 2693
Let g(v) = -273*v - 606. List the prime factors of g(-10).
2, 3, 59
Let g(c) = 33*c**3 - 12*c**2 + 2*c - 18. Let a be g(5). Suppose -6*f - 529 + a = 0. List the prime factors of f.
2, 137
Let p(y) = y**3 + 36*y**2 - 33*y + 148. Let r be p(-37). Suppose 2*u + 4*l - 2554 = r, -6*u = -2*u + 2*l - 5120. List the prime factors of u.
3, 7, 61
Suppose -4*n - 7*r = -2*r - 3839, n - r = 953. Let o = n + 174. List the prime factors of o.
2, 5, 113
What are the prime factors of 7/(-14)*-2648*(-2)/(-16)*22?
11, 331
Let p(y) = -164*y + 7268. What are the prime factors of p(-129)?
2, 11, 17, 19
Let v(m) = -113*m + 841. What are the prime factors of v(-60)?
7621
Let v be (-38)/((-1044)/208 - -5). Suppose 45*a - v = 37*a. List the prime factors of a.
13, 19
Let z = 24 - 20. Suppose z*x - 38 = 38. Let i(o) = o**2 - 14*o - 23. List the prime factors of i(x).
2, 3
Let w = 1336 - -1076. What are the prime factors of w?
2, 3, 67
Suppose 0 = 15*k - 10*k - 40. Let o be (k + -4)*5 + -2. Let a = o + -14. List the prime factors of a.
2
Suppose 49*u + 172 = -269. What are the prime factors of (4236/u + -2)/(32/(-48))?
709
Let v(d) = 82*d - 15. Let y be v(7). Suppose 5*w - 2353 = m, 4*m + 846 + y = 3*w. What are the prime factors of w?
3, 157
Let r be -2 + (-2759)/(-5) + (-1)/(-5). Let n = -118 + r. List the prime factors of n.
2, 3
Let y(c) = 2*c + 17. Let t(h) = 7*h + 49. Let k(s) = -3*t(s) + 8*y(s). List the prime factors of k(-17).
2, 37
What are the prime factors of -15 + (-99866)/(-130) - (-2)/(-10)?
3, 251
List the prime factors of (-2966)/3